 common factor of 160 and o?
20
Let j = 38 - -7. Calculate the highest common divisor of 30 and j.
15
Suppose 2*r + 3*z - 1 = -2, -3*r - z = -9. What is the greatest common factor of 20 and r?
4
Let n = -56 - -70. Calculate the greatest common divisor of n and 14.
14
Let v be 1 - -13 - (-5 + 4). Let d be (-2)/(2/(-6)*2). Suppose 0 = -s + d*s - 12. What is the highest common divisor of v and s?
3
Suppose 5*d - 8 = 4*y + 76, 5*d - 78 = -2*y. Calculate the greatest common divisor of 40 and d.
8
Let i(g) = 2*g**2 - 7*g + 1. Suppose 1 - 11 = 2*r. Let h be i(r). Let u = h + -52. What is the highest common divisor of u and 85?
17
Let n = -24 + 30. Calculate the greatest common factor of n and 54.
6
Suppose -2*j + 8 = 0, 5*t + 3*j - j - 103 = 0. Let a = t + -6. Let b be (-2)/(-4)*(27 + -1). Calculate the greatest common factor of a and b.
13
Let j(t) = -2*t**2 - 31*t - 25. Let h be j(-14). What is the greatest common divisor of h and 119?
17
Let v(n) = n**3 + 4*n**2 - 6*n. Let f be v(-5). Suppose 3*a - 59 = f*g, -a + 9 + 7 = 2*g. Let t = a - 10. Calculate the highest common divisor of 8 and t.
8
Let g = -12 + 30. Let z be -2 + 1 + 8 + -1. Let o be 58/z - (-4)/(-6). What is the highest common divisor of o and g?
9
Let t = -7 - -7. Suppose t*q = -4*q + 4. What is the greatest common divisor of q and 9?
1
Let b be -3 + 1 + 21 + 1. Calculate the greatest common factor of 10 and b.
10
Let a(l) = -l**3 + 7*l**2 - 5*l - 6. Let k be a(6). Suppose k = -2*z + 30 - 4. Calculate the greatest common divisor of 26 and z.
13
Let a = -116 + 248. Calculate the greatest common factor of 22 and a.
22
Let c = -103 + 144. Calculate the highest common factor of 82 and c.
41
Let b be -4 + 4 + (-2 - -10). What is the greatest common divisor of 56 and b?
8
Let x = -30 - -19. Let u be -1 + 0 + 0 - x. Calculate the highest common divisor of u and 5.
5
Suppose 0 = -4*y + 2 + 6. Suppose y*j = j + 99. What is the greatest common factor of j and 11?
11
Suppose -25 - 115 = -5*u. What is the highest common divisor of 56 and u?
28
Suppose g = 3*d + 23, 5*g = -4*d + d + 169. Calculate the greatest common divisor of g and 32.
32
Let w be 15 + 1/(-2)*2. Suppose 0 = -3*d - 4*g + 2*g - 37, -2*g = -4*d - 26. Let s be (-84)/d*12 - 0. Calculate the greatest common factor of w and s.
14
Let j = -4 + 0. Let b be j*28/(-2) + -2. Suppose 5*d - 1 = -p, d + 0 + 1 = 0. Calculate the greatest common factor of p and b.
6
Let n be 300/(-24)*6*-2. What is the highest common factor of 60 and n?
30
Let f = 7 - 5. Suppose -5*h - f = 18, 0 = -2*y - 3*h - 8. Let m be -2 + y - (2 - 10). What is the highest common factor of 40 and m?
8
Let l be (-330)/(-27) - 8/36. Calculate the greatest common factor of l and 132.
12
Let c be 0*2/(-4) - -60. What is the highest common factor of 150 and c?
30
Suppose 11 = 4*c + 3. Suppose 14 = -c*a + 3*a. Let y = -8 + a. Calculate the greatest common factor of 3 and y.
3
Let t be ((-1)/(-2))/((-1)/(-6)). Suppose b - t*b + 12 = 0. What is the greatest common divisor of b and 6?
6
Let n be 1/3 - (-44)/12. Suppose -t - n*t = 5*p - 235, 0 = 3*t + 4*p - 140. What is the greatest common factor of 12 and t?
12
Let r(p) = 8 - 3*p**2 - p**2 + 3*p**2. Let g be r(0). Suppose -2*d - g = -2*b, 4*d + 19 = 4*b - d. What is the greatest common factor of b and 11?
1
Suppose 465 = 6*p - p. Calculate the greatest common divisor of p and 31.
31
Let y = 27 + -84. Let o = y + 90. What is the greatest common divisor of 22 and o?
11
Let n = -10 - -8. Let s be (-1)/n - (-261)/18. Calculate the greatest common divisor of s and 60.
15
Let x be ((-33)/(-6))/(7/14). Calculate the highest common divisor of x and 99.
11
Let q(z) = 3 - 1 + 2*z - 3*z + 2. Let o be q(6). Let j be (-1 + -13 + o)*-1. What is the greatest common factor of j and 2?
2
Let o(x) = 9*x**2 - 4*x - 2. Suppose -7*u = -3*u - 16. Let d be o(u). Suppose 4*s + 2*s - 84 = 0. Calculate the highest common divisor of d and s.
14
Let x be 21/(-2)*(-20 - -18). Let i = x + -8. Calculate the highest common factor of i and 65.
13
Let z(x) = -x**3 - 6*x**2 + x + 12. Let c be z(-6). What is the highest common divisor of 30 and c?
6
Suppose 0 = -18*h + 8*h + 10. What is the greatest common factor of 31 and h?
1
Let a be 4*-1 + -2 + 0. Let v = 10 - 6. Let o be a/12 + 10/v. What is the greatest common divisor of 10 and o?
2
Let j be (-1 - -3 - -2) + 4. What is the greatest common divisor of j and 2?
2
Let i = -47 - -55. Calculate the highest common divisor of i and 56.
8
Let v(i) = 4*i - 26. Let q be v(9). Let o(n) = -n + 8. Let r be o(6). Calculate the greatest common factor of q and r.
2
Let d(k) = 8*k - 4. Let x be d(2). What is the greatest common factor of 60 and x?
12
Suppose 11 = 4*c + 5*o - 103, 0 = 2*c + 3*o - 56. Let p = c + -17. Let n = 64 + -36. Calculate the greatest common divisor of n and p.
14
Let h = -5 - -4. Let j be ((-6)/(-10))/(h/(-5)). Suppose j*c - k = 21, 4*k - 46 + 11 = -5*c. Calculate the highest common divisor of c and 35.
7
Let l = 92 + -27. Let j(a) = a + 7. Let g be j(6). Calculate the greatest common factor of l and g.
13
Let d(z) = 15*z**3 + z. Let u = 10 + -9. Let b be d(u). What is the highest common factor of 112 and b?
16
Suppose 0 = -u + 5*x + 120, -5*u + 0*x + 696 = -x. What is the highest common factor of u and 14?
14
Suppose 5 = -2*s - 3*s. Let b be 3 + s - (-2 + -1). Suppose 5*l = 5*j - b + 60, l + 2*j - 14 = 0. What is the highest common factor of l and 24?
12
Suppose p + 196 = 4*p + z, 0 = -4*z + 4. Suppose -l + p = 4*l. Calculate the greatest common divisor of 91 and l.
13
Let s(q) = q**2 + 6*q + 5. Let v be s(-6). Suppose 30 = -2*g + v*g. What is the highest common factor of g and 90?
10
Let k(x) = 3*x**3 - 5*x**2 - 3. Let u be k(4). Let t be (u - 5) + 3 + 1. Calculate the highest common factor of 12 and t.
12
Let h be 4/(-5)*(1 + -141). Calculate the highest common factor of 32 and h.
16
Let o(z) = 3*z + 2. Let q be o(3). Suppose -121 = -5*w - 11. What is the highest common factor of w and q?
11
Let v = -139 - -301. Calculate the greatest common factor of v and 18.
18
Let j be (-8 - -36)/(2/8). What is the highest common factor of j and 14?
14
Let d(k) = -k**2 - k + 11. Let c = 3 + -3. Let t be d(c). Calculate the highest common factor of t and 55.
11
Let d(c) = -2*c - 5. Let j be d(-4). Suppose a + j - 4 = 0. Let k = -15 + 26. Calculate the greatest common divisor of k and a.
1
Suppose 0 = -4*u + 2*u + 18. Calculate the highest common divisor of 1 and u.
1
Let g = 0 - 0. Let v(p) = p**2 + 5*p + 0*p**2 + g + 2. Let c be v(-5). Calculate the greatest common factor of 2 and c.
2
Let x(q) = 29*q**2 - 4*q + 15. Let l be x(3). Calculate the highest common factor of l and 33.
33
Let x = 585 - 280. Suppose l + 4*l = -x. Let b = l - -166. Calculate the greatest common factor of b and 15.
15
Suppose -2*b + 5*b = 3. What is the highest common divisor of 11 and b?
1
Let c(h) = -h**2 - 10*h + 5. Let t be c(-10). Suppose t*v = 47 + 78. What is the greatest common factor of 10 and v?
5
Let v(n) = n - 5 - 2 - 3*n. Let w be v(-5). Let r(d) = 8*d**2 - 2*d - 2. Let t be r(w). What is the greatest common divisor of 8 and t?
8
Let d(w) = -71*w**3 - 2*w**2 + 1. Let q be d(-1). Let z(h) = 2*h**2 - 6*h - 6. Let v be z(5). Calculate the greatest common factor of v and q.
14
Suppose 4 = 4*q, q + 0*q + 5 = 3*f. Calculate the highest common factor of f and 22.
2
Suppose -35 = -8*l + 21. Suppose -33 = -l*r + 4*r. Suppose 4*i + 313 = 3*b, -b + 4*i = -36 - 79. What is the greatest common factor of b and r?
11
Let p be ((-4)/8 - -1)*0. Suppose r + p*j = -j + 39, r - 36 = -4*j. Calculate the greatest common factor of r and 16.
8
Suppose -5 = 5*l - 10. Let k be -1*(-9 + 3 - l). What is the highest common divisor of k and 21?
7
Let o be ((-12)/10)/(3/(-70)). What is the highest common factor of 42 and o?
14
Let r = -2 - -9. Suppose 0 = -a + 2*s - r, -a + s - 3 + 1 = 0. Let n(x) = 34*x**2 - 1. Let o be n(-1). Calculate the highest common divisor of o and a.
3
Suppose 4*w - 4*t = 111 + 73, 4*w + t = 159. Calculate the greatest common factor of w and 41.
41
Let u be (12/(-15))/((-2)/105). Calculate the greatest common factor of 14 and u.
14
Let s be (-205)/(-8) + (-3)/(-8). Calculate the highest common factor of 65 and s.
13
Let c be 0/1 - 2